{"id":761,"date":"2021-04-16T14:47:23","date_gmt":"2021-04-16T14:47:23","guid":{"rendered":"http:\/\/dform.pl\/motoplast\/?page_id=761"},"modified":"2021-07-29T19:44:57","modified_gmt":"2021-07-29T19:44:57","slug":"o-nas","status":"publish","type":"page","link":"https:\/\/www.motoplast.pl\/index.php\/home\/o-nas\/","title":{"rendered":"O NAS"},"content":{"rendered":"\t\t<div data-elementor-type=\"wp-page\" data-elementor-id=\"761\" class=\"elementor elementor-761\" data-elementor-settings=\"[]\">\n\t\t\t\t\t\t<div class=\"elementor-inner\">\n\t\t\t\t\t\t\t<div class=\"elementor-section-wrap\">\n\t\t\t\t\t\t\t<section class=\"elementor-section elementor-top-section elementor-element elementor-element-6a36846 elementor-section-full_width elementor-section-height-default elementor-section-height-default\" data-id=\"6a36846\" data-element_type=\"section\" data-settings=\"{&quot;background_background&quot;:&quot;classic&quot;}\">\n\t\t\t\t\t\t\t<div class=\"elementor-background-overlay\"><\/div>\n\t\t\t\t\t\t\t<div class=\"elementor-container elementor-column-gap-no\">\n\t\t\t\t\t\t\t<div class=\"elementor-row\">\n\t\t\t\t\t<div class=\"aux-parallax-section elementor-column elementor-col-100 elementor-top-column elementor-element elementor-element-4a3d1ae\" data-id=\"4a3d1ae\" data-element_type=\"column\" data-settings=\"{&quot;background_background&quot;:&quot;classic&quot;}\">\n\t\t\t<div class=\"elementor-column-wrap elementor-element-populated\">\n\t\t\t\t\t\t\t<div class=\"elementor-widget-wrap\">\n\t\t\t\t\t\t<div class=\"elementor-element elementor-element-facf61a aux-appear-watch-animation aux-fade-in-right-2 elementor-widget elementor-widget-aux_modern_heading\" data-id=\"facf61a\" data-element_type=\"widget\" data-widget_type=\"aux_modern_heading.default\">\n\t\t\t\t<div class=\"elementor-widget-container\">\n\t\t\t<section class=\"aux-widget-modern-heading\">\n            <div class=\"aux-widget-inner\"><h2 class=\"aux-modern-heading-primary\"><\/h2><h2 class=\"aux-modern-heading-secondary\"><span class=\"aux-head-before\">O NAS<\/span><\/h2><\/div>\n        <\/section>\t\t<\/div>\n\t\t\t\t<\/div>\n\t\t\t\t\t\t<\/div>\n\t\t\t\t\t<\/div>\n\t\t<\/div>\n\t\t\t\t\t\t\t\t<\/div>\n\t\t\t\t\t<\/div>\n\t\t<\/section>\n\t\t\t\t<section class=\"elementor-section elementor-top-section elementor-element elementor-element-b3db42a elementor-section-content-middle elementor-reverse-mobile elementor-section-boxed elementor-section-height-default elementor-section-height-default\" data-id=\"b3db42a\" data-element_type=\"section\">\n\t\t\t\t\t\t<div class=\"elementor-container elementor-column-gap-no\">\n\t\t\t\t\t\t\t<div class=\"elementor-row\">\n\t\t\t\t\t<div class=\"aux-parallax-section elementor-column elementor-col-33 elementor-top-column elementor-element elementor-element-720a736\" data-id=\"720a736\" data-element_type=\"column\">\n\t\t\t<div class=\"elementor-column-wrap elementor-element-populated\">\n\t\t\t\t\t\t\t<div class=\"elementor-widget-wrap\">\n\t\t\t\t\t\t<div class=\"elementor-element elementor-element-e77cad2 aux-appear-watch-animation aux-fade-in-left-1 elementor-widget elementor-widget-aux_image\" data-id=\"e77cad2\" data-element_type=\"widget\" data-widget_type=\"aux_image.default\">\n\t\t\t\t<div class=\"elementor-widget-container\">\n\t\t\t<section class=\"widget-container aux-widget-image aux-alignnone aux-parent-au06d4c040\" style=\"\" >\n    <div class=\"aux-media-hint-frame \">\n        <div class=\"aux-media-image \" >\n        \n            \n\n            \n            <img loading=\"lazy\" width=\"880\" height=\"600\" src=\"https:\/\/www.motoplast.pl\/wp-content\/uploads\/2021\/04\/org_09e4cba5b0029a05_1604491722000-scaled.jpg\" class=\"aux-attachment aux-featured-image aux-attachment-id-718\" alt=\"DCIM100MEDIADJI_0292.JPG\" srcset=\"https:\/\/www.motoplast.pl\/wp-content\/uploads\/2021\/04\/org_09e4cba5b0029a05_1604491722000-scaled-150x102.jpg 150w,https:\/\/www.motoplast.pl\/wp-content\/uploads\/2021\/04\/org_09e4cba5b0029a05_1604491722000-scaled-300x205.jpg 300w,https:\/\/www.motoplast.pl\/wp-content\/uploads\/2021\/04\/org_09e4cba5b0029a05_1604491722000-scaled-768x524.jpg 768w,https:\/\/www.motoplast.pl\/wp-content\/uploads\/2021\/04\/org_09e4cba5b0029a05_1604491722000-scaled-1024x698.jpg 1024w,https:\/\/www.motoplast.pl\/wp-content\/uploads\/2021\/04\/org_09e4cba5b0029a05_1604491722000-scaled.jpg 880w\" data-ratio=\"1.47\" data-original-w=\"2560\" sizes=\"(max-width:479px) 480px,(max-width:767px) 768px,(max-width:1023px) 1024px,880px\" \/>            \n                <\/div>\n    <\/div>\n\n<\/section><!-- widget-container -->\t\t<\/div>\n\t\t\t\t<\/div>\n\t\t\t\t\t\t<\/div>\n\t\t\t\t\t<\/div>\n\t\t<\/div>\n\t\t\t\t<div class=\"aux-parallax-section elementor-column elementor-col-66 elementor-top-column elementor-element elementor-element-55b2300\" data-id=\"55b2300\" data-element_type=\"column\">\n\t\t\t<div class=\"elementor-column-wrap elementor-element-populated\">\n\t\t\t\t\t\t\t<div class=\"elementor-widget-wrap\">\n\t\t\t\t\t\t<div class=\"elementor-element elementor-element-2e9816a aux-appear-watch-animation aux-fade-in-right-2 elementor-widget elementor-widget-aux_modern_heading\" data-id=\"2e9816a\" data-element_type=\"widget\" data-widget_type=\"aux_modern_heading.default\">\n\t\t\t\t<div class=\"elementor-widget-container\">\n\t\t\t<section class=\"aux-widget-modern-heading\">\n            <div class=\"aux-widget-inner\"><h2 class=\"aux-modern-heading-primary\"><\/h2><h3 class=\"aux-modern-heading-secondary\"><span class=\"aux-head-before\">O NAS<\/span><\/h3><div class=\"aux-modern-heading-description\"><p>Motoplast to nowoczesna firma z tradycjami, specjalizuj\u0105ca si\u0119 w produkcji element\u00f3w kompozytowych kt\u00f3ra powsta\u0142a w 1979 r. \u00a0Do sztandarowych produkt\u00f3w MOTOPLASTU z tamtych czas\u00f3w nale\u017ca\u0142y m.in. kaski motocyklowe, spojlery samochodowe i owiewki motocyklowe. \u00a0<\/p><p>W kolejnych dekadach konsekwentnie rozwijali\u015bmy produkcj\u0119 i sfer\u0119 us\u0142ug, osi\u0105gaj\u0105c poziom, kt\u00f3ry pozwala nam dzi\u015b oferowa\u0107 kompleksow\u0105 obs\u0142ug\u0119 i wysokospecjalistyczne rozwi\u0105zania, dostosowane do indywidualnych oczekiwa\u0144 Klient\u00f3w.<\/p><p>Obecnie proponujemy kompleksowy serwis, obejmuj\u0105cy: koncept, wykonanie projektu i prototypu, stworzenie narz\u0119dzi i produkcj\u0119 seryjn\u0105 na dowoln\u0105 skal\u0119.<\/p><p>Nasz\u0105 ambicj\u0105 jest wszechstronna i profesjonalna obs\u0142uga, st\u0105d te\u017c liczne innowacje, doskonalenie narz\u0119dzi i inwestycje w ludzi, kt\u00f3rych fachowo\u015b\u0107 stanowi o naszym potencjale.<\/p><\/div><\/div>\n        <\/section>\t\t<\/div>\n\t\t\t\t<\/div>\n\t\t\t\t\t\t<\/div>\n\t\t\t\t\t<\/div>\n\t\t<\/div>\n\t\t\t\t\t\t\t\t<\/div>\n\t\t\t\t\t<\/div>\n\t\t<\/section>\n\t\t\t\t<section class=\"elementor-section elementor-top-section elementor-element elementor-element-a5e09be elementor-section-content-middle elementor-reverse-mobile elementor-section-boxed elementor-section-height-default elementor-section-height-default\" data-id=\"a5e09be\" data-element_type=\"section\">\n\t\t\t\t\t\t<div class=\"elementor-container elementor-column-gap-no\">\n\t\t\t\t\t\t\t<div class=\"elementor-row\">\n\t\t\t\t\t<div class=\"aux-parallax-section elementor-column elementor-col-33 elementor-top-column elementor-element elementor-element-3a8a91a\" data-id=\"3a8a91a\" data-element_type=\"column\">\n\t\t\t<div class=\"elementor-column-wrap elementor-element-populated\">\n\t\t\t\t\t\t\t<div class=\"elementor-widget-wrap\">\n\t\t\t\t\t\t<div class=\"elementor-element elementor-element-fb71d04 aux-appear-watch-animation aux-fade-in-left-1 elementor-widget elementor-widget-aux_image\" data-id=\"fb71d04\" data-element_type=\"widget\" data-widget_type=\"aux_image.default\">\n\t\t\t\t<div class=\"elementor-widget-container\">\n\t\t\t<section class=\"widget-container aux-widget-image aux-alignnone aux-parent-aue3066b9f\" style=\"\" >\n    <div class=\"aux-media-hint-frame \">\n        <div class=\"aux-media-image \" >\n        \n            \n\n            \n            <img loading=\"lazy\" width=\"880\" height=\"600\" src=\"https:\/\/www.motoplast.pl\/wp-content\/uploads\/2021\/05\/CE515AFC-ED24-4AB7-93F7-F1970BA4319C_1_105_c.jpeg\" class=\"aux-attachment aux-featured-image aux-attachment-id-1049\" alt=\"CE515AFC-ED24-4AB7-93F7-F1970BA4319C_1_105_c\" srcset=\"https:\/\/www.motoplast.pl\/wp-content\/uploads\/2021\/05\/CE515AFC-ED24-4AB7-93F7-F1970BA4319C_1_105_c-150x102.jpeg 150w,https:\/\/www.motoplast.pl\/wp-content\/uploads\/2021\/05\/CE515AFC-ED24-4AB7-93F7-F1970BA4319C_1_105_c-300x205.jpeg 300w,https:\/\/www.motoplast.pl\/wp-content\/uploads\/2021\/05\/CE515AFC-ED24-4AB7-93F7-F1970BA4319C_1_105_c-768x524.jpeg 768w,https:\/\/www.motoplast.pl\/wp-content\/uploads\/2021\/05\/CE515AFC-ED24-4AB7-93F7-F1970BA4319C_1_105_c.jpeg 880w\" data-ratio=\"1.47\" data-original-w=\"1024\" sizes=\"(max-width:479px) 480px,(max-width:767px) 768px,(max-width:1023px) 1024px,880px\" \/>            \n                <\/div>\n    <\/div>\n\n<\/section><!-- widget-container -->\t\t<\/div>\n\t\t\t\t<\/div>\n\t\t\t\t\t\t<\/div>\n\t\t\t\t\t<\/div>\n\t\t<\/div>\n\t\t\t\t<div class=\"aux-parallax-section elementor-column elementor-col-66 elementor-top-column elementor-element elementor-element-ea10393\" data-id=\"ea10393\" data-element_type=\"column\">\n\t\t\t<div class=\"elementor-column-wrap elementor-element-populated\">\n\t\t\t\t\t\t\t<div class=\"elementor-widget-wrap\">\n\t\t\t\t\t\t<div class=\"elementor-element elementor-element-7288b8e aux-appear-watch-animation aux-fade-in-right-2 elementor-widget elementor-widget-aux_modern_heading\" data-id=\"7288b8e\" data-element_type=\"widget\" data-widget_type=\"aux_modern_heading.default\">\n\t\t\t\t<div class=\"elementor-widget-container\">\n\t\t\t<section class=\"aux-widget-modern-heading\">\n            <div class=\"aux-widget-inner\"><h2 class=\"aux-modern-heading-primary\"><\/h2><h3 class=\"aux-modern-heading-secondary\"><span class=\"aux-head-before\">SIEDZIBA<\/span><\/h3><div class=\"aux-modern-heading-description\"><p>W pa\u017adzierniku 2015 r, \u00a0wznie\u015bli\u015bmy now\u0105 siedzib\u0119 firmy, kt\u00f3ra zosta\u0142a usytuowana w strefie aktywizacji gospodarczej w Niepruszewie.<\/p><p>W zwi\u0105zku z dynamicznym rozwojem i ogromnym potencja\u0142em firmy, po pi\u0119ciu latach od budowy nowej siedziby podj\u0119to decyzj\u0119 o dalszej rozbudowie zak\u0142adu, kt\u00f3ra zako\u0144czy si\u0119 w IV kwartale 2021 roku, zwi\u0119kszaj\u0105c powierzchnie produkcyjno-magazynow\u0105 do 12 000 m2.<\/p><\/div><\/div>\n        <\/section>\t\t<\/div>\n\t\t\t\t<\/div>\n\t\t\t\t\t\t<\/div>\n\t\t\t\t\t<\/div>\n\t\t<\/div>\n\t\t\t\t\t\t\t\t<\/div>\n\t\t\t\t\t<\/div>\n\t\t<\/section>\n\t\t\t\t<section class=\"elementor-section elementor-top-section elementor-element elementor-element-81057c3 elementor-section-content-middle elementor-reverse-mobile elementor-section-boxed elementor-section-height-default elementor-section-height-default\" data-id=\"81057c3\" data-element_type=\"section\">\n\t\t\t\t\t\t<div class=\"elementor-container elementor-column-gap-no\">\n\t\t\t\t\t\t\t<div class=\"elementor-row\">\n\t\t\t\t\t<div class=\"aux-parallax-section elementor-column elementor-col-33 elementor-top-column elementor-element elementor-element-dc60ed1\" data-id=\"dc60ed1\" data-element_type=\"column\">\n\t\t\t<div class=\"elementor-column-wrap elementor-element-populated\">\n\t\t\t\t\t\t\t<div class=\"elementor-widget-wrap\">\n\t\t\t\t\t\t<div class=\"elementor-element elementor-element-3355e02 aux-appear-watch-animation aux-fade-in-left-1 elementor-widget elementor-widget-aux_image\" data-id=\"3355e02\" data-element_type=\"widget\" data-widget_type=\"aux_image.default\">\n\t\t\t\t<div class=\"elementor-widget-container\">\n\t\t\t<section class=\"widget-container aux-widget-image aux-alignnone aux-parent-aua0e99afc\" style=\"\" >\n    <div class=\"aux-media-hint-frame \">\n        <div class=\"aux-media-image \" >\n        \n            \n\n            \n            <img loading=\"lazy\" width=\"880\" height=\"520\" src=\"https:\/\/www.motoplast.pl\/wp-content\/uploads\/2021\/05\/Zrzut-ekranu-2021-05-7-o-21.29.08.png\" class=\"aux-attachment aux-featured-image aux-attachment-id-1110\" alt=\"Zrzut ekranu 2021-05-7 o 21.29.08\" srcset=\"https:\/\/www.motoplast.pl\/wp-content\/uploads\/2021\/05\/Zrzut-ekranu-2021-05-7-o-21.29.08-150x102.png 150w,https:\/\/www.motoplast.pl\/wp-content\/uploads\/2021\/05\/Zrzut-ekranu-2021-05-7-o-21.29.08-300x205.png 300w,https:\/\/www.motoplast.pl\/wp-content\/uploads\/2021\/05\/Zrzut-ekranu-2021-05-7-o-21.29.08-768x525.png 768w,https:\/\/www.motoplast.pl\/wp-content\/uploads\/2021\/05\/Zrzut-ekranu-2021-05-7-o-21.29.08.png 880w\" data-ratio=\"1.46\" data-original-w=\"940\" sizes=\"(max-width:479px) 480px,(max-width:767px) 768px,(max-width:1023px) 1024px,880px\" \/>            \n                <\/div>\n    <\/div>\n\n<\/section><!-- widget-container -->\t\t<\/div>\n\t\t\t\t<\/div>\n\t\t\t\t\t\t<\/div>\n\t\t\t\t\t<\/div>\n\t\t<\/div>\n\t\t\t\t<div class=\"aux-parallax-section elementor-column elementor-col-66 elementor-top-column elementor-element elementor-element-756b53f\" data-id=\"756b53f\" data-element_type=\"column\">\n\t\t\t<div class=\"elementor-column-wrap elementor-element-populated\">\n\t\t\t\t\t\t\t<div class=\"elementor-widget-wrap\">\n\t\t\t\t\t\t<div class=\"elementor-element elementor-element-677f097 aux-appear-watch-animation aux-fade-in-right-2 elementor-widget elementor-widget-aux_modern_heading\" data-id=\"677f097\" data-element_type=\"widget\" data-widget_type=\"aux_modern_heading.default\">\n\t\t\t\t<div class=\"elementor-widget-container\">\n\t\t\t<section class=\"aux-widget-modern-heading\">\n            <div class=\"aux-widget-inner\"><h2 class=\"aux-modern-heading-primary\"><\/h2><h3 class=\"aux-modern-heading-secondary\"><span class=\"aux-head-before\">LOKALIZACJA<\/span><\/h3><div class=\"aux-modern-heading-description\"><p>Bliskie s\u0105siedztwo autostrady A2, centralne usytuowanie na szlaku komunikacyjnym Warszawa \u2013 Berlin, to powa\u017cny logistyczny atut, doceniany przez naszych Partner\u00f3w.<\/p><p>Hala produkcyjna zosta\u0142a zaprojektowana z my\u015bl\u0105 o produkcji element\u00f3w kompozytowych na du\u017c\u0105 skal\u0119.<\/p><p>Zaopatrzona w nowoczesny park maszynowy i naj\u015bwie\u017csze technologie, stanowi o sukcesie firmy na wyj\u0105tkowo konkurencyjny rynku. Idea otwarcie nowego zak\u0142adu produkcyjnego by\u0142a potwierdzeniem naszych ambicji i odpowiedzi\u0105 na rosn\u0105ce zainteresowanie firm\u0105 MOTOPLAST w \u015bwiecie.<\/p><p>Znacz\u0105co zwi\u0119kszyli\u015bmy produkcj\u0119, kt\u00f3ra zosta\u0142a wsparta powa\u017cnymi inwestycjami w nowoczesne technologie.<\/p><\/div><\/div>\n        <\/section>\t\t<\/div>\n\t\t\t\t<\/div>\n\t\t\t\t\t\t<\/div>\n\t\t\t\t\t<\/div>\n\t\t<\/div>\n\t\t\t\t\t\t\t\t<\/div>\n\t\t\t\t\t<\/div>\n\t\t<\/section>\n\t\t\t\t\t\t<\/div>\n\t\t\t\t\t\t<\/div>\n\t\t\t\t\t<\/div>\n\t\t","protected":false},"excerpt":{"rendered":"<p>O NAS O NAS Motoplast to nowoczesna firma z tradycjami, specjalizuj\u0105ca si\u0119 w produkcji element\u00f3w kompozytowych kt\u00f3ra powsta\u0142a w 1979 r. \u00a0Do sztandarowych produkt\u00f3w MOTOPLASTU z tamtych czas\u00f3w nale\u017ca\u0142y m.in. kaski motocyklowe, spojlery samochodowe i owiewki motocyklowe. \u00a0 W kolejnych dekadach konsekwentnie rozwijali\u015bmy produkcj\u0119 i sfer\u0119 us\u0142ug, osi\u0105gaj\u0105c poziom, kt\u00f3ry pozwala nam dzi\u015b oferowa\u0107 kompleksow\u0105 [&hellip;]<\/p>\n","protected":false},"author":1,"featured_media":0,"parent":78,"menu_order":0,"comment_status":"closed","ping_status":"closed","template":"","meta":[],"yoast_head":"<!-- This site is optimized with the Yoast SEO plugin v16.4 - https:\/\/yoast.com\/wordpress\/plugins\/seo\/ -->\n<title>O NAS - motoplast.pl<\/title>\n<meta name=\"robots\" content=\"index, follow, max-snippet:-1, max-image-preview:large, max-video-preview:-1\" \/>\n<link rel=\"canonical\" href=\"https:\/\/www.motoplast.pl\/index.php\/home\/o-nas\/\" \/>\n<meta property=\"og:locale\" content=\"pl_PL\" \/>\n<meta property=\"og:type\" content=\"article\" \/>\n<meta property=\"og:title\" content=\"O NAS - motoplast.pl\" \/>\n<meta property=\"og:description\" content=\"O NAS O NAS Motoplast to nowoczesna firma z tradycjami, specjalizuj\u0105ca si\u0119 w produkcji element\u00f3w kompozytowych kt\u00f3ra powsta\u0142a w 1979 r. \u00a0Do sztandarowych produkt\u00f3w MOTOPLASTU z tamtych czas\u00f3w nale\u017ca\u0142y m.in. kaski motocyklowe, spojlery samochodowe i owiewki motocyklowe. \u00a0 W kolejnych dekadach konsekwentnie rozwijali\u015bmy produkcj\u0119 i sfer\u0119 us\u0142ug, osi\u0105gaj\u0105c poziom, kt\u00f3ry pozwala nam dzi\u015b oferowa\u0107 kompleksow\u0105 [&hellip;]\" \/>\n<meta property=\"og:url\" content=\"https:\/\/www.motoplast.pl\/index.php\/home\/o-nas\/\" \/>\n<meta property=\"og:site_name\" content=\"motoplast.pl\" \/>\n<meta property=\"article:modified_time\" content=\"2021-07-29T19:44:57+00:00\" \/>\n<meta property=\"og:image\" content=\"http:\/\/www.motoplast.pl\/wp-content\/uploads\/2021\/04\/org_09e4cba5b0029a05_1604491722000-scaled-880x600.jpg\" \/>\n<meta name=\"twitter:card\" content=\"summary_large_image\" \/>\n<meta name=\"twitter:label1\" content=\"Szacowany czas czytania\" \/>\n\t<meta name=\"twitter:data1\" content=\"2 minuty\" \/>\n<script type=\"application\/ld+json\" class=\"yoast-schema-graph\">{\"@context\":\"https:\/\/schema.org\",\"@graph\":[{\"@type\":\"WebSite\",\"@id\":\"https:\/\/www.motoplast.pl\/index.php\/en\/home-en\/#website\",\"url\":\"https:\/\/www.motoplast.pl\/index.php\/en\/home-en\/\",\"name\":\"motoplast.pl\",\"description\":\"motoplast.pl\",\"potentialAction\":[{\"@type\":\"SearchAction\",\"target\":\"https:\/\/www.motoplast.pl\/index.php\/en\/home-en\/?s={search_term_string}\",\"query-input\":\"required name=search_term_string\"}],\"inLanguage\":\"pl-PL\"},{\"@type\":\"ImageObject\",\"@id\":\"https:\/\/www.motoplast.pl\/index.php\/home\/o-nas\/#primaryimage\",\"inLanguage\":\"pl-PL\",\"url\":\"http:\/\/www.motoplast.pl\/wp-content\/uploads\/2021\/04\/org_09e4cba5b0029a05_1604491722000-scaled-880x600.jpg\",\"contentUrl\":\"http:\/\/www.motoplast.pl\/wp-content\/uploads\/2021\/04\/org_09e4cba5b0029a05_1604491722000-scaled-880x600.jpg\"},{\"@type\":\"WebPage\",\"@id\":\"https:\/\/www.motoplast.pl\/index.php\/home\/o-nas\/#webpage\",\"url\":\"https:\/\/www.motoplast.pl\/index.php\/home\/o-nas\/\",\"name\":\"O NAS - motoplast.pl\",\"isPartOf\":{\"@id\":\"https:\/\/www.motoplast.pl\/index.php\/en\/home-en\/#website\"},\"primaryImageOfPage\":{\"@id\":\"https:\/\/www.motoplast.pl\/index.php\/home\/o-nas\/#primaryimage\"},\"datePublished\":\"2021-04-16T14:47:23+00:00\",\"dateModified\":\"2021-07-29T19:44:57+00:00\",\"breadcrumb\":{\"@id\":\"https:\/\/www.motoplast.pl\/index.php\/home\/o-nas\/#breadcrumb\"},\"inLanguage\":\"pl-PL\",\"potentialAction\":[{\"@type\":\"ReadAction\",\"target\":[\"https:\/\/www.motoplast.pl\/index.php\/home\/o-nas\/\"]}]},{\"@type\":\"BreadcrumbList\",\"@id\":\"https:\/\/www.motoplast.pl\/index.php\/home\/o-nas\/#breadcrumb\",\"itemListElement\":[{\"@type\":\"ListItem\",\"position\":1,\"item\":{\"@type\":\"WebPage\",\"@id\":\"https:\/\/www.motoplast.pl\/\",\"url\":\"https:\/\/www.motoplast.pl\/\",\"name\":\"Strona g\\u0142\\u00f3wna\"}},{\"@type\":\"ListItem\",\"position\":2,\"item\":{\"@type\":\"WebPage\",\"@id\":\"https:\/\/www.motoplast.pl\/\",\"url\":\"https:\/\/www.motoplast.pl\/\",\"name\":\"HOME\"}},{\"@type\":\"ListItem\",\"position\":3,\"item\":{\"@id\":\"https:\/\/www.motoplast.pl\/index.php\/home\/o-nas\/#webpage\"}}]}]}<\/script>\n<!-- \/ Yoast SEO plugin. -->","_links":{"self":[{"href":"https:\/\/www.motoplast.pl\/index.php\/wp-json\/wp\/v2\/pages\/761"}],"collection":[{"href":"https:\/\/www.motoplast.pl\/index.php\/wp-json\/wp\/v2\/pages"}],"about":[{"href":"https:\/\/www.motoplast.pl\/index.php\/wp-json\/wp\/v2\/types\/page"}],"author":[{"embeddable":true,"href":"https:\/\/www.motoplast.pl\/index.php\/wp-json\/wp\/v2\/users\/1"}],"replies":[{"embeddable":true,"href":"https:\/\/www.motoplast.pl\/index.php\/wp-json\/wp\/v2\/comments?post=761"}],"version-history":[{"count":123,"href":"https:\/\/www.motoplast.pl\/index.php\/wp-json\/wp\/v2\/pages\/761\/revisions"}],"predecessor-version":[{"id":2057,"href":"https:\/\/www.motoplast.pl\/index.php\/wp-json\/wp\/v2\/pages\/761\/revisions\/2057"}],"up":[{"embeddable":true,"href":"https:\/\/www.motoplast.pl\/index.php\/wp-json\/wp\/v2\/pages\/78"}],"wp:attachment":[{"href":"https:\/\/www.motoplast.pl\/index.php\/wp-json\/wp\/v2\/media?parent=761"}],"curies":[{"name":"wp","href":"https:\/\/api.w.org\/{rel}","templated":true}]}}